{"id":400859,"date":"2024-10-09T08:35:08","date_gmt":"2024-10-09T06:35:08","guid":{"rendered":"https:\/\/immocity.lu\/property\/studio-en-vefa-a-luxembourg-gare\/"},"modified":"2026-03-27T10:14:35","modified_gmt":"2026-03-27T09:14:35","slug":"studio-en-vefa-a-luxembourg-gare","status":"publish","type":"property","link":"https:\/\/immocity.lu\/fr\/property\/studio-en-vefa-a-luxembourg-gare\/","title":{"rendered":"STUDIO EN VEFA A LUXEMBOURG-GARE"},"content":{"rendered":"<p>Appartement en VEFA deux chambre situ\u00e9 \u00e0 Luxembourg-Gare \u00e0 proximit\u00e9 de toutes commodit\u00e9s et des transports en commun. <\/p>\n<p>Id\u00e9alement situ\u00e9 cet appartement au deuxi\u00e8me \u00e9tage qui conviendra autant \u00e0 des investisseurs que des propri\u00e9taires occupants est compos\u00e9 comme suit :<\/p>\n<p>&#8211; hall d&#8217;entr\u00e9e<br \/>\n&#8211; un s\u00e9jour<br \/>\n&#8211; une cuisine \u00e9quip\u00e9e ouverte sur le s\u00e9jour<br \/>\n&#8211; une salle de bains<\/p>\n<p>Pour compl\u00e9ter cet ensemble on retrouve une cave en sous-sol. <\/p>\n<p>R\u00e9f\u00e9rence agence : WEDELL ST1<\/p>\n<p>Pour plus d&#8217;information vous pouvez nous contacter au T : (+352) 28 57 62 ou par e-mail \u00e0 contact@immocity.lu<\/p>\n","protected":false},"excerpt":{"rendered":"<p>Appartement en VEFA deux chambre situ\u00e9 \u00e0 Luxembourg-Gare \u00e0 proximit\u00e9 de toutes commodit\u00e9s et des transports en commun. Id\u00e9alement situ\u00e9 cet appartement au deuxi\u00e8me \u00e9tage qui conviendra autant \u00e0 des investisseurs que des propri\u00e9taires occupants est compos\u00e9 comme suit : &#8211; hall d&#8217;entr\u00e9e &#8211; un s\u00e9jour &#8211; une cuisine \u00e9quip\u00e9e ouverte sur le s\u00e9jour &#8211; une salle de bains Pour compl\u00e9ter cet ensemble on retrouve une cave en sous-sol. R\u00e9f\u00e9rence agence : WEDELL ST1 Pour plus d&#8217;information vous pouvez nous contacter au T : (+352) 28 57 62 ou par e-mail \u00e0 contact@immocity.lu<\/p>\n","protected":false},"author":2,"featured_media":571201,"parent":0,"menu_order":0,"template":"","residence":[],"property_type":[545,565,566],"property_status":[67],"property_feature":[],"property_label":[],"property_country":[],"property_state":[],"property_city":[],"property_area":[],"class_list":["post-400859","property","type-property","status-publish","has-post-thumbnail","hentry","property_type-appartement","property_type-excellent-condition","property_type-excellent-etat","property_status-vente"],"acf":[],"property_meta":{"rank_math_internal_links_processed":["1"],"fave_property_id":["83636390"],"_thumbnail_id":["571201"],"fave_property_price":["403285.75"],"fave_property_price_fees":[null],"fave_property_price_deposit":[null],"fave_property_size":["31.88"],"fave_property_size_prefix":["m\u00b2"],"fave_property_bedrooms":["0"],"fave_property_salon":[null],"fave_property_cuisine":["1"],"fave_property_bathrooms":["1"],"fave_property_showers":[null],"fave_property_floor":["1"],"fave_property_year":["2024"],"fave_property_custom_lang":["fr"],"fave_property_available_at":["2025-11-15"],"fave_property_availability":["4"],"fave_property_garden":[null],"fave_property_garden_size":[null],"fave_property_parking":[null],"fave_property_parking_size":[null],"fave_property_terrasse":[null],"fave_property_terrasse_size":[null],"fave_property_garage":[null],"fave_property_garage_size":[null],"fave_property_city_string":["Luxembourg"],"fave_property_district_string":["Gare"],"fave_property_city_zipcode":["2718"],"fave_property_country_code":["LU"],"_last_translation_edit_mode":["translation-editor"],"_eael_post_view_count":["577"],"houzez_total_property_views":["527"],"houzez_views_by_date":["a:61:{s:10:\"12-30-2025\";i:2;s:10:\"12-31-2025\";i:3;s:10:\"01-05-2026\";i:1;s:10:\"01-06-2026\";i:1;s:10:\"01-08-2026\";i:1;s:10:\"01-09-2026\";i:1;s:10:\"01-11-2026\";i:2;s:10:\"01-14-2026\";i:2;s:10:\"01-16-2026\";i:3;s:10:\"01-17-2026\";i:2;s:10:\"01-18-2026\";i:1;s:10:\"01-20-2026\";i:1;s:10:\"01-22-2026\";i:1;s:10:\"01-23-2026\";i:1;s:10:\"01-25-2026\";i:1;s:10:\"01-26-2026\";i:1;s:10:\"01-27-2026\";i:1;s:10:\"01-28-2026\";i:1;s:10:\"01-29-2026\";i:1;s:10:\"02-01-2026\";i:2;s:10:\"02-02-2026\";i:3;s:10:\"02-03-2026\";i:1;s:10:\"02-08-2026\";i:1;s:10:\"02-09-2026\";i:2;s:10:\"02-10-2026\";i:1;s:10:\"02-11-2026\";i:1;s:10:\"02-13-2026\";i:1;s:10:\"02-18-2026\";i:2;s:10:\"02-19-2026\";i:1;s:10:\"02-25-2026\";i:2;s:10:\"03-01-2026\";i:1;s:10:\"03-03-2026\";i:1;s:10:\"03-06-2026\";i:1;s:10:\"03-07-2026\";i:1;s:10:\"03-08-2026\";i:1;s:10:\"03-09-2026\";i:2;s:10:\"03-10-2026\";i:1;s:10:\"03-14-2026\";i:1;s:10:\"03-16-2026\";i:1;s:10:\"03-17-2026\";i:1;s:10:\"03-20-2026\";i:2;s:10:\"03-21-2026\";i:1;s:10:\"03-25-2026\";i:3;s:10:\"03-30-2026\";i:1;s:10:\"03-31-2026\";i:2;s:10:\"04-04-2026\";i:1;s:10:\"04-06-2026\";i:2;s:10:\"04-07-2026\";i:1;s:10:\"04-09-2026\";i:1;s:10:\"04-10-2026\";i:2;s:10:\"04-12-2026\";i:1;s:10:\"04-15-2026\";i:3;s:10:\"04-17-2026\";i:2;s:10:\"04-18-2026\";i:1;s:10:\"04-19-2026\";i:1;s:10:\"04-20-2026\";i:1;s:10:\"04-21-2026\";i:1;s:10:\"04-22-2026\";i:1;s:10:\"04-25-2026\";i:1;s:10:\"04-28-2026\";i:3;s:10:\"05-01-2026\";i:1;}"],"houzez_recently_viewed":["2026-05-01 08:42:20"],"fave_property_zip":[""],"fave_property_address":["2718 Gare Luxembourg"],"fave_property_map_address":["2718 Gare Luxembourg"],"fave_property_map":["1"],"fave_property_map_street_view":["show"],"houzez_geolocation_lat":["49.59626"],"houzez_geolocation_long":["6.13665"],"fave_property_location":["49.59626,6.13665"],"fave_single_top_area":["global"],"_wpml_word_count":["99"],"fave_property_images":["571206","571207","571208","571209"]},"_links":{"self":[{"href":"https:\/\/immocity.lu\/fr\/wp-json\/wp\/v2\/properties\/400859","targetHints":{"allow":["GET"]}}],"collection":[{"href":"https:\/\/immocity.lu\/fr\/wp-json\/wp\/v2\/properties"}],"about":[{"href":"https:\/\/immocity.lu\/fr\/wp-json\/wp\/v2\/types\/property"}],"author":[{"embeddable":true,"href":"https:\/\/immocity.lu\/fr\/wp-json\/wp\/v2\/users\/2"}],"version-history":[{"count":1,"href":"https:\/\/immocity.lu\/fr\/wp-json\/wp\/v2\/properties\/400859\/revisions"}],"predecessor-version":[{"id":426135,"href":"https:\/\/immocity.lu\/fr\/wp-json\/wp\/v2\/properties\/400859\/revisions\/426135"}],"wp:featuredmedia":[{"embeddable":true,"href":"https:\/\/immocity.lu\/fr\/wp-json\/wp\/v2\/media\/571201"}],"wp:attachment":[{"href":"https:\/\/immocity.lu\/fr\/wp-json\/wp\/v2\/media?parent=400859"}],"wp:term":[{"taxonomy":"residence","embeddable":true,"href":"https:\/\/immocity.lu\/fr\/wp-json\/wp\/v2\/residence?post=400859"},{"taxonomy":"property_type","embeddable":true,"href":"https:\/\/immocity.lu\/fr\/wp-json\/wp\/v2\/property_type?post=400859"},{"taxonomy":"property_status","embeddable":true,"href":"https:\/\/immocity.lu\/fr\/wp-json\/wp\/v2\/property_status?post=400859"},{"taxonomy":"property_feature","embeddable":true,"href":"https:\/\/immocity.lu\/fr\/wp-json\/wp\/v2\/property_feature?post=400859"},{"taxonomy":"property_label","embeddable":true,"href":"https:\/\/immocity.lu\/fr\/wp-json\/wp\/v2\/property_label?post=400859"},{"taxonomy":"property_country","embeddable":true,"href":"https:\/\/immocity.lu\/fr\/wp-json\/wp\/v2\/property_country?post=400859"},{"taxonomy":"property_state","embeddable":true,"href":"https:\/\/immocity.lu\/fr\/wp-json\/wp\/v2\/property_state?post=400859"},{"taxonomy":"property_city","embeddable":true,"href":"https:\/\/immocity.lu\/fr\/wp-json\/wp\/v2\/property_city?post=400859"},{"taxonomy":"property_area","embeddable":true,"href":"https:\/\/immocity.lu\/fr\/wp-json\/wp\/v2\/property_area?post=400859"}],"curies":[{"name":"wp","href":"https:\/\/api.w.org\/{rel}","templated":true}]}}

<p>Appartement en VEFA deux chambre situé à Luxembourg-Gare à proximité de toutes commodités et des transports en commun. </p>
<p>Idéalement situé cet appartement au deuxième étage qui conviendra autant à des investisseurs que des propriétaires occupants est composé comme suit :</p>
<p>&#8211; hall d&#8217;entrée<br />
&#8211; un séjour<br />
&#8211; une cuisine équipée ouverte sur le séjour<br />
&#8211; une salle de bains</p>
<p>Pour compléter cet ensemble on retrouve une cave en sous-sol. </p>
<p>Référence agence : WEDELL ST1</p>
<p>Pour plus d&#8217;information vous pouvez nous contacter au T : (+352) 28 57 62 ou par e-mail à contact@immocity.lu</p>

<p>Appartement en VEFA deux chambre situé à Luxembourg-Gare à proximité de toutes commodités et des transports en commun. Idéalement situé cet appartement au deuxième étage qui conviendra autant à des investisseurs que des propriétaires occupants est composé comme suit : &#8211; hall d&#8217;entrée &#8211; un séjour &#8211; une cuisine équipée ouverte sur le séjour &#8211; une salle de bains Pour compléter cet ensemble on retrouve une cave en sous-sol. Référence agence : WEDELL ST1 Pour plus d&#8217;information vous pouvez nous contacter au T : (+352) 28 57 62 ou par e-mail à contact@immocity.lu</p>
