{"id":515676,"date":"2025-12-01T22:45:09","date_gmt":"2025-12-01T21:45:09","guid":{"rendered":"https:\/\/immocity.lu\/property\/vefa-appartement-4-chambres\/"},"modified":"2026-03-27T09:58:26","modified_gmt":"2026-03-27T08:58:26","slug":"vefa-appartement-4-chambres","status":"publish","type":"property","link":"https:\/\/immocity.lu\/fr\/property\/vefa-appartement-4-chambres\/","title":{"rendered":"VEFA &#8211; Appartement 4 chambres"},"content":{"rendered":"<p>La future r\u00e9sidence Maison B\u00e9atrice vous s\u00e9duira en conjuguant confort sur mesure et exigence dans un \u00e9crin d&#8217;\u00e9l\u00e9gance \u00e0 Luxembourg-Merl. Chaque unit\u00e9 peut \u00eatre personnalis\u00e9e selon vos go\u00fbts et vos envies.<\/p>\n<p>Livraison pr\u00e9vue fin 2028.<\/p>\n<p>Nous vous proposons \u00e0 la vente une future propri\u00e9t\u00e9 exceptionnelle.<br \/>\nDes prestations exclusives vont composer ce superbe 4 chambres avec environ 169 m2 int\u00e9rieurs, avec triple orientation, une Loggia de 14 m2, une terrasse de 35 m2, un patio int\u00e9rieur et un rooftop avec pergola. Une cuisine avec un acc\u00e8s direct sur l&#8217;ext\u00e9rieur compl\u00e8te ce bien exceptionnel. Un agencement convivial, con\u00e7u pour accueillir et partager, tout en pr\u00e9servant l&#8217;intimit\u00e9 de chacun.<\/p>\n<p>Maison B\u00e9atrice int\u00e8gre des solutions \u00e9nerg\u00e9tiques performantes et durables. Class\u00e9 AAA+, \u00e9quip\u00e9 de pompes \u00e0 chaleur r\u00e9versibles, avec une ventilation double flux, ce b\u00e2timent offre un confort thermique toute l&#8217;ann\u00e9e.<\/p>\n<p>N&#8217;h\u00e9sitez pas \u00e0 venir nous rencontrer pour obtenir plus de d\u00e9tails et des conseils justes et personnalis\u00e9s.<\/p>\n<p>Contactez nous par email : contact@immocity.lu ou au<br \/>\nT: 00352 28 57 62<\/p>\n","protected":false},"excerpt":{"rendered":"<p>La future r\u00e9sidence Maison B\u00e9atrice vous s\u00e9duira en conjuguant confort sur mesure et exigence dans un \u00e9crin d&#8217;\u00e9l\u00e9gance \u00e0 Luxembourg-Merl. Chaque unit\u00e9 peut \u00eatre personnalis\u00e9e selon vos go\u00fbts et vos envies. Livraison pr\u00e9vue fin 2028. Nous vous proposons \u00e0 la vente une future propri\u00e9t\u00e9 exceptionnelle. Des prestations exclusives vont composer ce superbe 4 chambres avec environ 169 m2 int\u00e9rieurs, avec triple orientation, une Loggia de 14 m2, une terrasse de 35 m2, un patio int\u00e9rieur et un rooftop avec pergola. Une cuisine avec un acc\u00e8s direct sur l&#8217;ext\u00e9rieur compl\u00e8te ce bien exceptionnel. Un agencement convivial, con\u00e7u pour accueillir et partager, tout en pr\u00e9servant l&#8217;intimit\u00e9 de chacun. Maison B\u00e9atrice int\u00e8gre des solutions \u00e9nerg\u00e9tiques performantes et durables. Class\u00e9 AAA+, \u00e9quip\u00e9 de pompes \u00e0 chaleur r\u00e9versibles, avec une ventilation double flux, ce b\u00e2timent offre un confort thermique toute l&#8217;ann\u00e9e. N&#8217;h\u00e9sitez pas \u00e0 venir nous rencontrer pour obtenir plus de d\u00e9tails et des conseils justes et personnalis\u00e9s. Contactez nous par email : contact@immocity.lu ou au T: 00352 28 57 62<\/p>\n","protected":false},"author":2,"featured_media":571132,"parent":0,"menu_order":0,"template":"","residence":[],"property_type":[545,561],"property_status":[67],"property_feature":[],"property_label":[],"property_country":[],"property_state":[],"property_city":[],"property_area":[],"class_list":["post-515676","property","type-property","status-publish","has-post-thumbnail","hentry","property_type-appartement","property_type-vente-sur-plan","property_status-vente"],"acf":[],"property_meta":{"rank_math_internal_links_processed":["1"],"fave_property_id":["86467283"],"_thumbnail_id":["571132"],"fave_property_price":["3626494.68"],"fave_property_price_fees":[null],"fave_property_price_deposit":[null],"fave_property_size":["169.6"],"fave_property_size_prefix":["m\u00b2"],"fave_property_bedrooms":["4"],"fave_property_salon":[null],"fave_property_cuisine":[null],"fave_property_bathrooms":["1"],"fave_property_showers":[null],"fave_property_floor":[null],"fave_property_year":["2028"],"fave_property_custom_lang":["fr"],"fave_property_available_at":[null],"fave_property_availability":[null],"fave_property_garden":[null],"fave_property_garden_size":[null],"fave_property_parking":[null],"fave_property_parking_size":[null],"fave_property_terrasse":["1"],"fave_property_terrasse_size":["35.1"],"fave_property_garage":[null],"fave_property_garage_size":[null],"fave_property_city_string":["Luxembourg"],"fave_property_district_string":["Merl"],"fave_property_zip":[""],"fave_property_country_code":["LU"],"houzez_geolocation_lat":["49.60394"],"houzez_geolocation_long":["6.10608"],"fave_property_location":["49.60394,6.10608"],"fave_property_address":["1254 Merl Luxembourg"],"fave_property_map_address":["1254 Merl Luxembourg"],"fave_property_map":["1"],"fave_property_map_street_view":["show"],"_last_translation_edit_mode":["translation-editor"],"_eael_post_view_count":["111"],"houzez_total_property_views":["104"],"houzez_views_by_date":["a:61:{s:10:\"12-07-2025\";i:1;s:10:\"12-09-2025\";i:1;s:10:\"12-11-2025\";i:3;s:10:\"12-12-2025\";i:1;s:10:\"12-13-2025\";i:1;s:10:\"12-17-2025\";i:1;s:10:\"12-20-2025\";i:1;s:10:\"12-21-2025\";i:1;s:10:\"12-22-2025\";i:2;s:10:\"12-23-2025\";i:1;s:10:\"12-26-2025\";i:1;s:10:\"12-27-2025\";i:1;s:10:\"01-02-2026\";i:2;s:10:\"01-03-2026\";i:1;s:10:\"01-04-2026\";i:1;s:10:\"01-14-2026\";i:1;s:10:\"01-18-2026\";i:2;s:10:\"01-19-2026\";i:1;s:10:\"01-20-2026\";i:1;s:10:\"01-23-2026\";i:2;s:10:\"01-24-2026\";i:2;s:10:\"01-25-2026\";i:2;s:10:\"01-29-2026\";i:1;s:10:\"02-02-2026\";i:2;s:10:\"02-04-2026\";i:1;s:10:\"02-06-2026\";i:1;s:10:\"02-08-2026\";i:4;s:10:\"02-09-2026\";i:3;s:10:\"02-10-2026\";i:1;s:10:\"02-11-2026\";i:1;s:10:\"02-13-2026\";i:2;s:10:\"02-15-2026\";i:1;s:10:\"02-18-2026\";i:1;s:10:\"02-22-2026\";i:1;s:10:\"02-25-2026\";i:1;s:10:\"02-27-2026\";i:1;s:10:\"02-28-2026\";i:1;s:10:\"03-01-2026\";i:1;s:10:\"03-08-2026\";i:2;s:10:\"03-12-2026\";i:4;s:10:\"03-13-2026\";i:1;s:10:\"03-15-2026\";i:2;s:10:\"03-16-2026\";i:1;s:10:\"03-19-2026\";i:1;s:10:\"03-20-2026\";i:1;s:10:\"03-25-2026\";i:1;s:10:\"03-27-2026\";i:1;s:10:\"03-28-2026\";i:1;s:10:\"03-30-2026\";i:2;s:10:\"04-01-2026\";i:2;s:10:\"04-03-2026\";i:1;s:10:\"04-04-2026\";i:4;s:10:\"04-05-2026\";i:1;s:10:\"04-07-2026\";i:1;s:10:\"04-08-2026\";i:1;s:10:\"04-09-2026\";i:2;s:10:\"04-12-2026\";i:1;s:10:\"04-15-2026\";i:3;s:10:\"04-18-2026\";i:1;s:10:\"04-19-2026\";i:1;s:10:\"04-27-2026\";i:1;}"],"houzez_recently_viewed":["2026-04-27 14:30:23"],"fave_property_images":["571138","571139","571140","571141","571142"],"_elementor_page_assets":["a:0:{}"]},"_links":{"self":[{"href":"https:\/\/immocity.lu\/fr\/wp-json\/wp\/v2\/properties\/515676","targetHints":{"allow":["GET"]}}],"collection":[{"href":"https:\/\/immocity.lu\/fr\/wp-json\/wp\/v2\/properties"}],"about":[{"href":"https:\/\/immocity.lu\/fr\/wp-json\/wp\/v2\/types\/property"}],"author":[{"embeddable":true,"href":"https:\/\/immocity.lu\/fr\/wp-json\/wp\/v2\/users\/2"}],"version-history":[{"count":1,"href":"https:\/\/immocity.lu\/fr\/wp-json\/wp\/v2\/properties\/515676\/revisions"}],"predecessor-version":[{"id":515846,"href":"https:\/\/immocity.lu\/fr\/wp-json\/wp\/v2\/properties\/515676\/revisions\/515846"}],"wp:featuredmedia":[{"embeddable":true,"href":"https:\/\/immocity.lu\/fr\/wp-json\/wp\/v2\/media\/571132"}],"wp:attachment":[{"href":"https:\/\/immocity.lu\/fr\/wp-json\/wp\/v2\/media?parent=515676"}],"wp:term":[{"taxonomy":"residence","embeddable":true,"href":"https:\/\/immocity.lu\/fr\/wp-json\/wp\/v2\/residence?post=515676"},{"taxonomy":"property_type","embeddable":true,"href":"https:\/\/immocity.lu\/fr\/wp-json\/wp\/v2\/property_type?post=515676"},{"taxonomy":"property_status","embeddable":true,"href":"https:\/\/immocity.lu\/fr\/wp-json\/wp\/v2\/property_status?post=515676"},{"taxonomy":"property_feature","embeddable":true,"href":"https:\/\/immocity.lu\/fr\/wp-json\/wp\/v2\/property_feature?post=515676"},{"taxonomy":"property_label","embeddable":true,"href":"https:\/\/immocity.lu\/fr\/wp-json\/wp\/v2\/property_label?post=515676"},{"taxonomy":"property_country","embeddable":true,"href":"https:\/\/immocity.lu\/fr\/wp-json\/wp\/v2\/property_country?post=515676"},{"taxonomy":"property_state","embeddable":true,"href":"https:\/\/immocity.lu\/fr\/wp-json\/wp\/v2\/property_state?post=515676"},{"taxonomy":"property_city","embeddable":true,"href":"https:\/\/immocity.lu\/fr\/wp-json\/wp\/v2\/property_city?post=515676"},{"taxonomy":"property_area","embeddable":true,"href":"https:\/\/immocity.lu\/fr\/wp-json\/wp\/v2\/property_area?post=515676"}],"curies":[{"name":"wp","href":"https:\/\/api.w.org\/{rel}","templated":true}]}}

<p>La future résidence Maison Béatrice vous séduira en conjuguant confort sur mesure et exigence dans un écrin d&#8217;élégance à Luxembourg-Merl. Chaque unité peut être personnalisée selon vos goûts et vos envies.</p>
<p>Livraison prévue fin 2028.</p>
<p>Nous vous proposons à la vente une future propriété exceptionnelle.<br />
Des prestations exclusives vont composer ce superbe 4 chambres avec environ 169 m2 intérieurs, avec triple orientation, une Loggia de 14 m2, une terrasse de 35 m2, un patio intérieur et un rooftop avec pergola. Une cuisine avec un accès direct sur l&#8217;extérieur complète ce bien exceptionnel. Un agencement convivial, conçu pour accueillir et partager, tout en préservant l&#8217;intimité de chacun.</p>
<p>Maison Béatrice intègre des solutions énergétiques performantes et durables. Classé AAA+, équipé de pompes à chaleur réversibles, avec une ventilation double flux, ce bâtiment offre un confort thermique toute l&#8217;année.</p>
<p>N&#8217;hésitez pas à venir nous rencontrer pour obtenir plus de détails et des conseils justes et personnalisés.</p>
<p>Contactez nous par email : contact@immocity.lu ou au<br />
T: 00352 28 57 62</p>

<p>La future résidence Maison Béatrice vous séduira en conjuguant confort sur mesure et exigence dans un écrin d&#8217;élégance à Luxembourg-Merl. Chaque unité peut être personnalisée selon vos goûts et vos envies. Livraison prévue fin 2028. Nous vous proposons à la vente une future propriété exceptionnelle. Des prestations exclusives vont composer ce superbe 4 chambres avec environ 169 m2 intérieurs, avec triple orientation, une Loggia de 14 m2, une terrasse de 35 m2, un patio intérieur et un rooftop avec pergola. Une cuisine avec un accès direct sur l&#8217;extérieur complète ce bien exceptionnel. Un agencement convivial, conçu pour accueillir et partager, tout en préservant l&#8217;intimité de chacun. Maison Béatrice intègre des solutions énergétiques performantes et durables. Classé AAA+, équipé de pompes à chaleur réversibles, avec une ventilation double flux, ce bâtiment offre un confort thermique toute l&#8217;année. N&#8217;hésitez pas à venir nous rencontrer pour obtenir plus de détails et des conseils justes et personnalisés. Contactez nous par email : contact@immocity.lu ou au T: 00352 28 57 62</p>
