{"id":571644,"date":"2026-04-24T22:00:51","date_gmt":"2026-04-24T20:00:51","guid":{"rendered":"https:\/\/immocity.lu\/property\/studio-neuf-ban-de-gasperich\/"},"modified":"2026-04-24T22:00:51","modified_gmt":"2026-04-24T20:00:51","slug":"studio-neuf-ban-de-gasperich","status":"publish","type":"property","link":"https:\/\/immocity.lu\/fr\/property\/studio-neuf-ban-de-gasperich\/","title":{"rendered":"STUDIO NEUF BAN DE GASPERICH"},"content":{"rendered":"<p>Magnifique studio meubl\u00e9 neuf avec domotique situ\u00e9 &#8220;rue Leonardo Da Vinci&#8221; dans l&#8217;immeuble Edison (2021) situ\u00e9 au Ban de Gasperich \u00e0 deux pas de la Cloche d&#8217;Or.<\/p>\n<p>Ce beau studio neuf situ\u00e9 au 1er \u00e9tage est compos\u00e9 comme suit:<\/p>\n<p>un salon avec canap\u00e9 deux places et rangement<br \/>\nune cuisine ouvert et \u00e9quip\u00e9e avec 2 tabourets<br \/>\nun lit double<br \/>\nune salle de douche<br \/>\nune tr\u00e8s grande cave privative<\/p>\n<p>Une machine \u00e0 laver et un s\u00e8che-linge sont fournis et install\u00e9s dans la buanderie au niveau -1.<\/p>\n<p>Le bien est disponible le 1 juin 2026<\/p>\n<p>Charges 190\u20ac\/mois<br \/>\nCaution : 3 mois de loyer<br \/>\nFrais d&#8217;agence : 1 mois de loyer + charges<br \/>\nbail de 2 ans<\/p>\n<p>R\u00e9f\u00e9rence: Edison DS02.13<\/p>\n<p>Pour plus d&#8217;information vous pouvez nous contacter au T : (+352) 28 57 62 ou par e-mail \u00e0 contact@immocity.lu<\/p>\n<p>For the english version please go to our website : www.immocity.lu<\/p>\n","protected":false},"excerpt":{"rendered":"<p>Magnifique studio meubl\u00e9 neuf avec domotique situ\u00e9 &#8220;rue Leonardo Da Vinci&#8221; dans l&#8217;immeuble Edison (2021) situ\u00e9 au Ban de Gasperich \u00e0 deux pas de la Cloche d&#8217;Or. Ce beau studio neuf situ\u00e9 au 1er \u00e9tage est compos\u00e9 comme suit: un salon avec canap\u00e9 deux places et rangement une cuisine ouvert et \u00e9quip\u00e9e avec 2 tabourets un lit double une salle de douche une tr\u00e8s grande cave privative Une machine \u00e0 laver et un s\u00e8che-linge sont fournis et install\u00e9s dans la buanderie au niveau -1. Le bien est disponible le 1 juin 2026 Charges 190\u20ac\/mois Caution : 3 mois de loyer Frais d&#8217;agence : 1 mois de loyer + charges bail de 2 ans R\u00e9f\u00e9rence: Edison DS02.13 Pour plus d&#8217;information vous pouvez nous contacter au T : (+352) 28 57 62 ou par e-mail \u00e0 contact@immocity.lu For the english version please go to our website : www.immocity.lu<\/p>\n","protected":false},"author":2,"featured_media":571642,"parent":0,"menu_order":0,"template":"","residence":[],"property_type":[545,561],"property_status":[63],"property_feature":[],"property_label":[],"property_country":[],"property_state":[],"property_city":[],"property_area":[],"class_list":["post-571644","property","type-property","status-publish","has-post-thumbnail","hentry","property_type-appartement","property_type-vente-sur-plan","property_status-location"],"acf":[],"property_meta":{"rank_math_internal_links_processed":["1"],"fave_property_id":["6341075"],"_thumbnail_id":["571642"],"fave_property_price":["1650"],"fave_property_price_fees":["190"],"fave_property_price_deposit":["3300"],"fave_property_size":["25"],"fave_property_size_prefix":["m\u00b2"],"fave_property_bedrooms":["0"],"fave_property_salon":["1"],"fave_property_cuisine":["1"],"fave_property_bathrooms":["1"],"fave_property_showers":[null],"fave_property_floor":["1"],"fave_property_year":["2021"],"fave_property_custom_lang":["fr"],"fave_property_available_at":["2026-06-01"],"fave_property_availability":["2"],"fave_property_garden":[null],"fave_property_garden_size":[null],"fave_property_parking":[null],"fave_property_parking_size":[null],"fave_property_terrasse":[null],"fave_property_terrasse_size":[null],"fave_property_garage":[null],"fave_property_garage_size":[null],"fave_property_city_string":["Luxembourg"],"fave_property_district_string":[null],"fave_property_zip":[""],"fave_property_country_code":["LU"],"houzez_geolocation_lat":["49.58282"],"houzez_geolocation_long":["6.12073"],"fave_property_location":["49.58282,6.12073"],"fave_property_address":["2681  Luxembourg"],"fave_property_map_address":["2681  Luxembourg"],"fave_property_map":["1"],"fave_property_map_street_view":["show"],"_wpml_word_count":["133"],"_eael_post_view_count":["23"],"houzez_total_property_views":["23"],"houzez_views_by_date":["a:9:{s:10:\"04-24-2026\";i:1;s:10:\"04-25-2026\";i:3;s:10:\"04-26-2026\";i:2;s:10:\"04-27-2026\";i:5;s:10:\"04-28-2026\";i:3;s:10:\"04-30-2026\";i:3;s:10:\"05-01-2026\";i:1;s:10:\"05-02-2026\";i:2;s:10:\"05-03-2026\";i:3;}"],"houzez_recently_viewed":["2026-05-03 11:21:24"],"_elementor_page_assets":["a:0:{}"]},"_links":{"self":[{"href":"https:\/\/immocity.lu\/fr\/wp-json\/wp\/v2\/properties\/571644","targetHints":{"allow":["GET"]}}],"collection":[{"href":"https:\/\/immocity.lu\/fr\/wp-json\/wp\/v2\/properties"}],"about":[{"href":"https:\/\/immocity.lu\/fr\/wp-json\/wp\/v2\/types\/property"}],"author":[{"embeddable":true,"href":"https:\/\/immocity.lu\/fr\/wp-json\/wp\/v2\/users\/2"}],"version-history":[{"count":0,"href":"https:\/\/immocity.lu\/fr\/wp-json\/wp\/v2\/properties\/571644\/revisions"}],"wp:featuredmedia":[{"embeddable":true,"href":"https:\/\/immocity.lu\/fr\/wp-json\/wp\/v2\/media\/571642"}],"wp:attachment":[{"href":"https:\/\/immocity.lu\/fr\/wp-json\/wp\/v2\/media?parent=571644"}],"wp:term":[{"taxonomy":"residence","embeddable":true,"href":"https:\/\/immocity.lu\/fr\/wp-json\/wp\/v2\/residence?post=571644"},{"taxonomy":"property_type","embeddable":true,"href":"https:\/\/immocity.lu\/fr\/wp-json\/wp\/v2\/property_type?post=571644"},{"taxonomy":"property_status","embeddable":true,"href":"https:\/\/immocity.lu\/fr\/wp-json\/wp\/v2\/property_status?post=571644"},{"taxonomy":"property_feature","embeddable":true,"href":"https:\/\/immocity.lu\/fr\/wp-json\/wp\/v2\/property_feature?post=571644"},{"taxonomy":"property_label","embeddable":true,"href":"https:\/\/immocity.lu\/fr\/wp-json\/wp\/v2\/property_label?post=571644"},{"taxonomy":"property_country","embeddable":true,"href":"https:\/\/immocity.lu\/fr\/wp-json\/wp\/v2\/property_country?post=571644"},{"taxonomy":"property_state","embeddable":true,"href":"https:\/\/immocity.lu\/fr\/wp-json\/wp\/v2\/property_state?post=571644"},{"taxonomy":"property_city","embeddable":true,"href":"https:\/\/immocity.lu\/fr\/wp-json\/wp\/v2\/property_city?post=571644"},{"taxonomy":"property_area","embeddable":true,"href":"https:\/\/immocity.lu\/fr\/wp-json\/wp\/v2\/property_area?post=571644"}],"curies":[{"name":"wp","href":"https:\/\/api.w.org\/{rel}","templated":true}]}}

<p>Magnifique studio meublé neuf avec domotique situé &#8220;rue Leonardo Da Vinci&#8221; dans l&#8217;immeuble Edison (2021) situé au Ban de Gasperich à deux pas de la Cloche d&#8217;Or.</p>
<p>Ce beau studio neuf situé au 1er étage est composé comme suit:</p>
<p>un salon avec canapé deux places et rangement<br />
une cuisine ouvert et équipée avec 2 tabourets<br />
un lit double<br />
une salle de douche<br />
une très grande cave privative</p>
<p>Une machine à laver et un sèche-linge sont fournis et installés dans la buanderie au niveau -1.</p>
<p>Le bien est disponible le 1 juin 2026</p>
<p>Charges 190€/mois<br />
Caution : 3 mois de loyer<br />
Frais d&#8217;agence : 1 mois de loyer + charges<br />
bail de 2 ans</p>
<p>Référence: Edison DS02.13</p>
<p>Pour plus d&#8217;information vous pouvez nous contacter au T : (+352) 28 57 62 ou par e-mail à contact@immocity.lu</p>
<p>For the english version please go to our website : www.immocity.lu</p>

<p>Magnifique studio meublé neuf avec domotique situé &#8220;rue Leonardo Da Vinci&#8221; dans l&#8217;immeuble Edison (2021) situé au Ban de Gasperich à deux pas de la Cloche d&#8217;Or. Ce beau studio neuf situé au 1er étage est composé comme suit: un salon avec canapé deux places et rangement une cuisine ouvert et équipée avec 2 tabourets un lit double une salle de douche une très grande cave privative Une machine à laver et un sèche-linge sont fournis et installés dans la buanderie au niveau -1. Le bien est disponible le 1 juin 2026 Charges 190€/mois Caution : 3 mois de loyer Frais d&#8217;agence : 1 mois de loyer + charges bail de 2 ans Référence: Edison DS02.13 Pour plus d&#8217;information vous pouvez nous contacter au T : (+352) 28 57 62 ou par e-mail à contact@immocity.lu For the english version please go to our website : www.immocity.lu</p>
