{"id":604098,"date":"2026-09-04T22:00:56","date_gmt":"2026-09-04T20:00:56","guid":{"rendered":"https:\/\/immocity.lu\/property\/serenia-un-lieu-vivant-11\/"},"modified":"2026-09-04T22:00:56","modified_gmt":"2026-09-04T20:00:56","slug":"serenia-un-lieu-vivant-11","status":"publish","type":"property","link":"https:\/\/immocity.lu\/fr\/property\/serenia-un-lieu-vivant-11\/","title":{"rendered":"SERENIA &#8211; UN LIEU VIVANT"},"content":{"rendered":"<p>La r\u00e9sidence S\u00e9r\u00e9nia prend place au 146 boulevard Kennedy, au c\u0153ur du renouveau urbain d\u2019Esch-sur-Alzette. Pens\u00e9e comme un lieu de vie contemporain et ouvert sur la ville, elle r\u00e9unit 20 logements allant du studio au 3 chambres, ainsi que des surfaces de bureaux et de commerce. Un espace o\u00f9 se c\u00f4toient dynamisme urbain et habitations confortables.<\/p>\n<p>Au sommet de l&#8217;immeuble, un rooftop offre un espace privil\u00e9gi\u00e9 pour profiter de la vue et se d\u00e9tendre. Une salle polyvalente, pens\u00e9e comme un lieu de partage et de rencontre, vient compl\u00e9ter l&#8217;ensemble et renforcer l&#8217;esprit convivial du projet.<\/p>\n<p>Vous trouverez ici le descriptif d&#8217;un appartement 2 chambres situ\u00e9 au 5\u00e8me \u00e9tage.<\/p>\n<p>Tous les prix affich\u00e9s sont au taux de TVA 3%.<\/p>\n<p>Contactez-nous sans plus attendre pour plus d\u2019informations.<br \/>\ncontact@immocity.lu<br \/>\n(+352) 28 57 62<br \/>\n(+352) 661 297 785<\/p>\n","protected":false},"excerpt":{"rendered":"<p>La r\u00e9sidence S\u00e9r\u00e9nia prend place au 146 boulevard Kennedy, au c\u0153ur du renouveau urbain d\u2019Esch-sur-Alzette. Pens\u00e9e comme un lieu de vie contemporain et ouvert sur la ville, elle r\u00e9unit 20 logements allant du studio au 3 chambres, ainsi que des surfaces de bureaux et de commerce. Un espace o\u00f9 se c\u00f4toient dynamisme urbain et habitations confortables. Au sommet de l&#8217;immeuble, un rooftop offre un espace privil\u00e9gi\u00e9 pour profiter de la vue et se d\u00e9tendre. Une salle polyvalente, pens\u00e9e comme un lieu de partage et de rencontre, vient compl\u00e9ter l&#8217;ensemble et renforcer l&#8217;esprit convivial du projet. Vous trouverez ici le descriptif d&#8217;un appartement 2 chambres situ\u00e9 au 5\u00e8me \u00e9tage. Tous les prix affich\u00e9s sont au taux de TVA 3%. Contactez-nous sans plus attendre pour plus d\u2019informations. contact@immocity.lu (+352) 28 57 62 (+352) 661 297 785<\/p>\n","protected":false},"author":2,"featured_media":604096,"parent":0,"menu_order":0,"template":"","residence":[],"property_type":[545,561],"property_status":[67],"property_feature":[],"property_label":[],"property_country":[],"property_state":[],"property_city":[],"property_area":[],"class_list":["post-604098","property","type-property","status-publish","has-post-thumbnail","hentry","property_type-appartement","property_type-vente-sur-plan","property_status-vente"],"acf":[],"property_meta":{"rank_math_internal_links_processed":["1"],"fave_property_id":["87312070"],"_thumbnail_id":["604096"],"fave_property_price":["539673"],"fave_property_price_fees":[null],"fave_property_price_deposit":[null],"fave_property_size":["67.5"],"fave_property_size_prefix":["m\u00b2"],"fave_property_bedrooms":["2"],"fave_property_salon":["0"],"fave_property_cuisine":["0"],"fave_property_bathrooms":["0"],"fave_property_showers":["0"],"fave_property_floor":["5"],"fave_property_year":[null],"fave_property_custom_lang":["fr"],"fave_property_available_at":[null],"fave_property_availability":[null],"fave_property_garden":["0"],"fave_property_garden_size":["0"],"fave_property_terrasse":["0"],"fave_property_terrasse_size":["0"],"fave_property_city_string":["Esch-sur-Alzette"],"fave_property_district_string":[null],"fave_property_zip":[""],"fave_property_country_code":["LU"],"additional_features":["a:1:{i:0;a:2:{s:29:\"fave_additional_feature_title\";s:7:\"Parking\";s:29:\"fave_additional_feature_value\";i:1;}}"],"fave_property_garage":["1"],"houzez_geolocation_lat":["49.49072"],"houzez_geolocation_long":["5.98049"],"fave_property_location":["49.49072,5.98049"],"fave_property_address":["4171  Esch-sur-Alzette"],"fave_property_map_address":["4171  Esch-sur-Alzette"],"fave_property_map":["1"],"fave_property_map_street_view":["show"],"_wpml_word_count":["139"],"fave_property_images":["604385","604386","604387"],"_eael_post_view_count":["2"],"houzez_total_property_views":["2"],"houzez_views_by_date":["a:1:{s:10:\"09-05-2026\";i:2;}"],"houzez_recently_viewed":["2026-09-05 10:21:27"],"_elementor_page_assets":["a:0:{}"]},"_links":{"self":[{"href":"https:\/\/immocity.lu\/fr\/wp-json\/wp\/v2\/properties\/604098","targetHints":{"allow":["GET"]}}],"collection":[{"href":"https:\/\/immocity.lu\/fr\/wp-json\/wp\/v2\/properties"}],"about":[{"href":"https:\/\/immocity.lu\/fr\/wp-json\/wp\/v2\/types\/property"}],"author":[{"embeddable":true,"href":"https:\/\/immocity.lu\/fr\/wp-json\/wp\/v2\/users\/2"}],"version-history":[{"count":0,"href":"https:\/\/immocity.lu\/fr\/wp-json\/wp\/v2\/properties\/604098\/revisions"}],"wp:featuredmedia":[{"embeddable":true,"href":"https:\/\/immocity.lu\/fr\/wp-json\/wp\/v2\/media\/604096"}],"wp:attachment":[{"href":"https:\/\/immocity.lu\/fr\/wp-json\/wp\/v2\/media?parent=604098"}],"wp:term":[{"taxonomy":"residence","embeddable":true,"href":"https:\/\/immocity.lu\/fr\/wp-json\/wp\/v2\/residence?post=604098"},{"taxonomy":"property_type","embeddable":true,"href":"https:\/\/immocity.lu\/fr\/wp-json\/wp\/v2\/property_type?post=604098"},{"taxonomy":"property_status","embeddable":true,"href":"https:\/\/immocity.lu\/fr\/wp-json\/wp\/v2\/property_status?post=604098"},{"taxonomy":"property_feature","embeddable":true,"href":"https:\/\/immocity.lu\/fr\/wp-json\/wp\/v2\/property_feature?post=604098"},{"taxonomy":"property_label","embeddable":true,"href":"https:\/\/immocity.lu\/fr\/wp-json\/wp\/v2\/property_label?post=604098"},{"taxonomy":"property_country","embeddable":true,"href":"https:\/\/immocity.lu\/fr\/wp-json\/wp\/v2\/property_country?post=604098"},{"taxonomy":"property_state","embeddable":true,"href":"https:\/\/immocity.lu\/fr\/wp-json\/wp\/v2\/property_state?post=604098"},{"taxonomy":"property_city","embeddable":true,"href":"https:\/\/immocity.lu\/fr\/wp-json\/wp\/v2\/property_city?post=604098"},{"taxonomy":"property_area","embeddable":true,"href":"https:\/\/immocity.lu\/fr\/wp-json\/wp\/v2\/property_area?post=604098"}],"curies":[{"name":"wp","href":"https:\/\/api.w.org\/{rel}","templated":true}]}}

<p>La résidence Sérénia prend place au 146 boulevard Kennedy, au cœur du renouveau urbain d’Esch-sur-Alzette. Pensée comme un lieu de vie contemporain et ouvert sur la ville, elle réunit 20 logements allant du studio au 3 chambres, ainsi que des surfaces de bureaux et de commerce. Un espace où se côtoient dynamisme urbain et habitations confortables.</p>
<p>Au sommet de l&#8217;immeuble, un rooftop offre un espace privilégié pour profiter de la vue et se détendre. Une salle polyvalente, pensée comme un lieu de partage et de rencontre, vient compléter l&#8217;ensemble et renforcer l&#8217;esprit convivial du projet.</p>
<p>Vous trouverez ici le descriptif d&#8217;un appartement 2 chambres situé au 5ème étage.</p>
<p>Tous les prix affichés sont au taux de TVA 3%.</p>
<p>Contactez-nous sans plus attendre pour plus d’informations.<br />
contact@immocity.lu<br />
(+352) 28 57 62<br />
(+352) 661 297 785</p>

<p>La résidence Sérénia prend place au 146 boulevard Kennedy, au cœur du renouveau urbain d’Esch-sur-Alzette. Pensée comme un lieu de vie contemporain et ouvert sur la ville, elle réunit 20 logements allant du studio au 3 chambres, ainsi que des surfaces de bureaux et de commerce. Un espace où se côtoient dynamisme urbain et habitations confortables. Au sommet de l&#8217;immeuble, un rooftop offre un espace privilégié pour profiter de la vue et se détendre. Une salle polyvalente, pensée comme un lieu de partage et de rencontre, vient compléter l&#8217;ensemble et renforcer l&#8217;esprit convivial du projet. Vous trouverez ici le descriptif d&#8217;un appartement 2 chambres situé au 5ème étage. Tous les prix affichés sont au taux de TVA 3%. Contactez-nous sans plus attendre pour plus d’informations. contact@immocity.lu (+352) 28 57 62 (+352) 661 297 785</p>
